
2
Suppose 5*i = -3 - 7. Let d(l) = -l**3 - 3*l - 1. What is the tens digit of d(i)?
1
Suppose -4*x - 5*l + 12 = 0, x - 5 + 2 = -2*l. Let b be 103/3 - 1/x. Let w = -21 + b. What is the units digit of w?
3
Suppose 4*g - 58 = 3*s, g + 3*s - 33 = -2*g. What is the units digit of g?
3
Let b = -278 - -507. What is the units digit of b?
9
Suppose 118 = r - 15. What is the hundreds digit of r?
1
Suppose -3*c - 40 = 2. What is the units digit of c/(-6) + (-1)/3?
2
Let i(v) = 3*v + 3. What is the tens digit of i(7)?
2
Let l(s) = -2*s - 4*s + 5*s. Let n = 14 + -20. What is the units digit of l(n)?
6
Suppose 4*d - 45 = -d. Suppose 3*x = d - 0. Let r = x - 0. What is the units digit of r?
3
Suppose -6*k + 10 = -k. Let f(h) = -3*h**2 - h. Let q be f(k). Let i = q + 30. What is the tens digit of i?
1
Let z be 6*(0 - (-3)/9). Let p be (1 + 2 - z) + 2. Suppose p*n - 24 = -n. What is the units digit of n?
6
Suppose 196 = -16*k + 20*k. What is the units digit of k?
9
Suppose -5*v = -v - 112. Let f = v - 18. What is the tens digit of f?
1
What is the units digit of ((-60)/9)/((-12)/54)?
0
Let j = 4 - -10. Let x be (-288)/21 + (-4)/j. What is the units digit of (4/14)/((-2)/x)?
2
What is the tens digit of ((-3)/1 - -2)/(2/(-72))?
3
Suppose 0 = 4*m - 65 - 67. What is the tens digit of m?
3
Let h = 23 + -9. Suppose y - 9 = h. What is the units digit of y?
3
Let z be (-28)/210 + (-94)/(-30). Let n(g) = -g**2 - 4*g + 2. Let f be n(-4). Suppose 2*t + 43 = z*b, -f*t = 5*b + 12 - 73. What is the units digit of b?
3
Let h(r) = -15*r**3 - r - 1. What is the tens digit of h(-1)?
1
Suppose -4*d - s = -24 - 5, -2*s + 22 = 2*d. Let k be d/4 - 1/(-2). Suppose 0 = -k*l + 3*p + 10, l - 3*p = 7 + 1. What is the units digit of l?
2
Let r(w) = -w**3 + 6*w**2 - 4*w - 7. Let x be r(5). What is the units digit of ((-30)/(-4))/((-1)/x)?
5
Let f(n) = 2*n + 30. What is the tens digit of f(-7)?
1
Let m = -49 + 79. What is the tens digit of m?
3
Let u = -20 - -47. Let z = u + -20. What is the units digit of z?
7
Suppose 2*q + 3*a - 5 = 0, -2*a + 8 - 1 = 5*q. Suppose 0 = -3*r, 7 = s + 3*r + 2. Suppose -b + s + q = 0. What is the units digit of b?
6
Suppose -h = -31 - 4. What is the units digit of h?
5
Let h be (-3)/2 + 4/8. Let w = 1 + h. Suppose -4*n - t + 19 = w, -4*n = -3*n + t - 7. What is the units digit of n?
4
Suppose -2*u = 3*h - 1 - 3, -h - 22 = -4*u. Suppose u*t = t - 16. Let o(r) = r**2 + 3*r - 3. What is the units digit of o(t)?
1
Suppose 6*t - 2*t = 52. What is the units digit of t?
3
Suppose -3*k - 2*k = 0, 0 = -r + 4*k + 9. Suppose -r = -v - 2*v. Suppose -1 = -p + v. What is the units digit of p?
4
What is the units digit of (8/(-6))/((-12)/486)?
4
Let n(s) = -2*s**3 + 6*s**2 - 5*s. Let b be n(4). What is the units digit of b/(-8) + 2/4?
7
What is the units digit of (3 - -23) + 3 + 2?
1
Let c = -46 + 86. Let v = c - 24. What is the tens digit of v?
1
Suppose -v = -3*v + 8. What is the units digit of v?
4
Let y = 320 - 203. What is the units digit of y?
7
Let y be (1/(-3))/(6/(-72)). Let l = y + 0. Let a(z) = 3*z - 6. What is the units digit of a(l)?
6
Suppose 2*d - 3 = 7. Suppose -2*y = d*r + 49, 0*r - 4*r - 34 = -y. Let o(z) = -z - 4. What is the units digit of o(r)?
5
Let h(d) = 27*d**2 + d - 23. What is the units digit of h(4)?
3
Let j(h) = -5*h**3 - h**2. Let y = 1 + 4. Suppose -5*d + 0*v - 10 = -5*v, -2*d - 7 = -y*v. What is the units digit of j(d)?
4
Let f(p) = p**3 - 34*p**2 + 35*p + 47. What is the tens digit of f(33)?
1
Let c(l) = -l**2 + 11*l - 10. Let t be c(10). What is the units digit of 46*(t + (-4)/(-8))?
3
Let j = 10 - 5. Suppose -53 = -j*y + 12. What is the tens digit of y?
1
Let i = -12 - -13. What is the units digit of (10/(-30))/(i/(-21))?
7
Suppose -11 = s - 2*s - a, 0 = -5*a + 10. What is the tens digit of 115/9 - (-2)/s?
1
Let m(v) = -v + v**2 - 3*v + 7*v - 3 - 2. What is the units digit of m(-5)?
5
Let x(l) = 7*l**2 + 4*l. Let f be x(3). What is the tens digit of (-1 - 0)*f/(-3)?
2
Suppose 4 = -s + 2*s. Suppose -5*l = -10*l + 75. Suppose -v = s - l. What is the tens digit of v?
1
Let n(l) = l**2 + 9*l + 6. What is the units digit of n(-10)?
6
Let v = 167 + -112. Suppose 5*a = 155 - v. What is the tens digit of a?
2
Let s(x) = -x**2 - 20*x + 11. What is the tens digit of s(-19)?
3
Let o be (2/6)/(2/36). Suppose -2*y + 8 = -4*y + 5*j, -2*y + o = 2*j. What is the tens digit of y/(-2)*2*-14?
1
Suppose -112 = -m - 4*w, -w = 5*m + 4*w - 515. What is the units digit of 8/(-12) + m/6?
6
Suppose 4*j + 165 = -3*d, 3*j + 4*d + 128 = 6*d. Let t = -20 - j. What is the units digit of t?
2
Let r(h) = h**3 + 7*h**2 - 8*h + 6. Suppose -3*y = 3*t + 18, -t - 2*y - 6 = 2. Let j be 20/(t - -2) + 2. What is the units digit of r(j)?
6
Suppose -2*s - 5 = o, 0 = s - 3*s + 4*o - 20. Let v(c) = c**2 + c + 2. What is the units digit of v(s)?
4
Let w(d) = d**2 - 9*d + 3. What is the units digit of w(9)?
3
Let l = 0 + 5. Suppose -3*h = -l*q, 2*q + 0*q + 19 = 5*h. Suppose -1 + 11 = h*i. What is the units digit of i?
2
Let s(d) = -d**3 - d**2 + 7*d + 3. What is the tens digit of s(-6)?
4
Let k = -68 + 114. What is the units digit of k?
6
Let f = 13 + -10. Suppose -3*v + 2*b = f*b - 62, -v + 5*b = -42. What is the units digit of v?
2
Let w be (3/6)/((-2)/(-12)). Suppose -w*g - 3 = -15, 4 = 4*t - 3*g. Let p = t - -1. What is the units digit of p?
5
Let s(v) = v**2 + v + 2. Let y be s(3). Suppose -3 = -3*l, -5*k + 2*l - 4 + 2 = 0. Suppose k*j = j - y. What is the units digit of j?
4
Let d = -8 - -28. What is the tens digit of d?
2
Suppose 4*j - 379 - 201 = 0. What is the tens digit of j?
4
Let i be 22/(-18) - 6/(-27). Let j = 7 + i. What is the units digit of j?
6
What is the units digit of 41 - (-7)/((-21)/6)?
9
What is the hundreds digit of (-4)/(-2)*(282/(-4))/(-1)?
1
Let j = 101 + -27. What is the tens digit of j?
7
Let l = -19 + 119. What is the units digit of l?
0
Suppose -3*p - 9 = -0*p, -p = 3*q - 258. What is the tens digit of q?
8
Let k be ((-21)/14)/((-3)/4). Suppose -k*g + 32 = 2*g. What is the units digit of g?
8
Let q(d) = 3*d**2 + 2*d. Suppose 2 = -5*o + 12. What is the units digit of q(o)?
6
Let f(v) = v**3 + 4*v**2 - 2*v - 1. Suppose w = 5 - 3. What is the units digit of f(w)?
9
Suppose -616 = -76*x + 72*x. What is the hundreds digit of x?
1
Let u(m) = 4*m**2 + 14*m - 3. What is the units digit of u(-9)?
5
What is the units digit of (-8)/(-44) - 6456/(-66)?
8
Let f(m) = -24*m - 12. What is the units digit of f(-10)?
8
Suppose -14*p = -6*p - 224. What is the tens digit of p?
2
Suppose -5*o - 3*q - 2*q = -10, -q + 5 = 4*o. Suppose 2*y + o = r, 2*r - 1 = r. Suppose k + 4*k - 25 = y. What is the units digit of k?
5
Let s = -52 + -4. Let j = 95 + s. What is the tens digit of j?
3
Let f(y) = 5*y - 1. Let m be f(1). Suppose 2*i - 8 = -m*a, 5*i - 50 = 2*a + 3*a. What is the units digit of i?
8
Let m = -4 + 1. Let n be 2/(1 + m)*1. Let q = n - -4. What is the units digit of q?
3
Suppose -19 = -2*a + 13. What is the units digit of a?
6
Let d(a) = 98*a**3 - a**2 + 1. What is the units digit of d(1)?
8
Let d be (-2)/(-2 + 18/10). Let t(l) = -3*l - 3*l + d - l**2 - 2. What is the units digit of t(-6)?
8
Suppose -x - 2*x = -21. Let a(f) = -f**3 + 7*f**2 + 7. Let g be a(x). Suppose -5*l + g = -13. What is the units digit of l?
4
Let r = -1 + 4. Suppose p = -r*p + 68. What is the tens digit of p?
1
Suppose 3*x - 31 = 3*b - 4, -5*x - 2*b + 66 = 0. Suppose 0 = -3*z + 4*z - x. What is the units digit of z?
2
Suppose -2*x - 12 = 2*x. Let v be (5/2)/(x/6). What is the units digit of (3 - (-3 - v))*9?
9
What is the tens digit of (9 - 37)*1/(-2)?
1
Suppose 4*x - 2 = 10. Suppose -x*v + 4*a + 32 = 3*a, -2*v + 5*a + 30 = 0. What is the units digit of v?
0
Let i(o) = 3*o**2 + 1. Let v be i(1). Suppose 5*s = 3*b + s - 18, -v*b + s = -11. What is the units digit of (b/(-6))/((-2)/12)?
2
Suppose 3*l - 65 + 17 = 0. Let n = 23 - l. What is the units digit of n?
7
Suppose -3*l = -l - 68. Let n = l + -19. What is the tens digit of n?
1
Suppose 3*k - 3*n - 426 = 0, k - 2*n + 4*n - 157 = 0. What is the hundreds digit of k?
1
Suppose -4*u + 40 = -0*u. Let v be (1 - -1)/1*u. Suppose y = -3*y + v. What is the units digit of y?
5
Let a(j) be the first derivative of j**4/12 + 7*j**3/6 + 3*j**2/2 - 3*j - 3